{"id":781,"date":"2018-04-18T12:32:04","date_gmt":"2018-04-18T10:32:04","guid":{"rendered":"http:\/\/192.168.0.20\/?page_id=781"},"modified":"2026-04-29T19:05:03","modified_gmt":"2026-04-29T17:05:03","slug":"straznicy-osiedlowi","status":"publish","type":"page","link":"https:\/\/smwroclaw.pl\/?page_id=781","title":{"rendered":"STRA\u017bNICY OSIEDLOWI"},"content":{"rendered":"<table style=\"height: 2724px; width: 45.9458%;\" width=\"636\">\n<tbody>\n<tr style=\"height: 101px;\">\n<td style=\"width: 300.967px; height: 101px;\"><strong>OSIEDLE<\/strong><\/td>\n<td style=\"width: 189.617px; height: 101px;\"><strong>STRA\u017bNIK<\/strong><\/td>\n<td style=\"width: 123.417px; height: 101px;\"><strong>NR TELEFONU<\/strong><\/td>\n<\/tr>\n<tr style=\"height: 52px;\">\n<td style=\"width: 300.967px; height: 52px;\">Bie\u0144kowice<\/td>\n<td style=\"width: 189.617px; height: 52px;\"><\/td>\n<td style=\"width: 123.417px; height: 52px;\"><\/td>\n<\/tr>\n<tr style=\"height: 52px;\">\n<td style=\"width: 300.967px; height: 52px;\">Biskupin-S\u0119polno-D\u0105bie-Bartoszowice<\/td>\n<td style=\"width: 189.617px; height: 52px;\"><\/td>\n<td style=\"width: 123.417px; height: 52px;\">600 908 501<\/td>\n<\/tr>\n<tr style=\"height: 52px;\">\n<td style=\"width: 300.967px; height: 52px;\">Borek<\/td>\n<td style=\"width: 189.617px; height: 52px;\">Szymon Sip<\/td>\n<td style=\"width: 123.417px; height: 52px;\">600 908 535<\/td>\n<\/tr>\n<tr style=\"height: 52px;\">\n<td style=\"width: 300.967px; height: 52px;\">Broch\u00f3w<\/td>\n<td style=\"width: 189.617px; height: 52px;\"><\/td>\n<td style=\"width: 123.417px; height: 52px;\"><\/td>\n<\/tr>\n<tr style=\"height: 52px;\">\n<td style=\"width: 300.967px; height: 52px;\">Gaj<\/td>\n<td style=\"width: 189.617px; height: 52px;\">Pamela Kubat<\/td>\n<td style=\"width: 123.417px; height: 52px;\">600 908 507<\/td>\n<\/tr>\n<tr style=\"height: 52px;\">\n<td style=\"width: 300.967px; height: 52px;\">Gajowice<\/td>\n<td style=\"width: 189.617px; height: 52px;\">Dorota \u017bukowska<\/td>\n<td style=\"width: 123.417px; height: 52px;\">506 288 174<\/td>\n<\/tr>\n<tr style=\"height: 52px;\">\n<td style=\"width: 300.967px; height: 52px;\">G\u0105d\u00f3w<\/td>\n<td style=\"width: 189.617px; height: 52px;\"><\/td>\n<td style=\"width: 123.417px; height: 52px;\">600 908 520<\/td>\n<\/tr>\n<tr style=\"height: 52px;\">\n<td style=\"width: 300.967px; height: 52px;\">Grabiszyn Grabiszynek<\/td>\n<td style=\"width: 189.617px; height: 52px;\"><\/td>\n<td style=\"width: 123.417px; height: 52px;\">506 288 172<\/td>\n<\/tr>\n<tr style=\"height: 52px;\">\n<td style=\"width: 300.967px; height: 52px;\">Huby<\/td>\n<td style=\"width: 189.617px; height: 52px;\">Sebastian Kowal<\/td>\n<td style=\"width: 123.417px; height: 52px;\">600 908 514<\/td>\n<\/tr>\n<tr style=\"height: 52px;\">\n<td style=\"width: 300.967px; height: 52px;\">Jagodno<\/td>\n<td style=\"width: 189.617px; height: 52px;\"><\/td>\n<td style=\"width: 123.417px; height: 52px;\"><\/td>\n<\/tr>\n<tr style=\"height: 101px;\">\n<td style=\"width: 300.967px; height: 101px;\">Jerzmanowo-Jarno\u0142t\u00f3w-Strachowice-Osiniec<\/td>\n<td style=\"width: 189.617px; height: 101px;\">Piotr Nowaczyk<\/td>\n<td style=\"width: 123.417px; height: 101px;\">506 288 257<\/td>\n<\/tr>\n<tr style=\"height: 52px;\">\n<td style=\"width: 300.967px; height: 52px;\">Kar\u0142owice-R\u00f3\u017canka<\/td>\n<td style=\"width: 189.617px; height: 52px;\">Rafa\u0142 Ol\u0119dzki<\/td>\n<td style=\"width: 123.417px; height: 52px;\">694 968 696<\/td>\n<\/tr>\n<tr style=\"height: 52px;\">\n<td style=\"width: 300.967px; height: 52px;\">Klecina<\/td>\n<td style=\"width: 189.617px; height: 52px;\">Agata Jarzyna<\/td>\n<td style=\"width: 123.417px; height: 52px;\">501 006 305<\/td>\n<\/tr>\n<tr style=\"height: 52px;\">\n<td style=\"width: 300.967px; height: 52px;\">Kleczk\u00f3w<\/td>\n<td style=\"width: 189.617px; height: 52px;\">Krzysztof Szumski<\/td>\n<td style=\"width: 123.417px; height: 52px;\">506 393 133<\/td>\n<\/tr>\n<tr style=\"height: 52px;\">\n<td style=\"width: 300.967px; height: 52px;\">Kowale<\/td>\n<td style=\"width: 189.617px; height: 52px;\">Sandra Kowalska<\/td>\n<td style=\"width: 123.417px; height: 52px;\">600 908 522<\/td>\n<\/tr>\n<tr style=\"height: 52px;\">\n<td style=\"width: 300.967px; height: 52px;\">Krzyki-Partynice<\/td>\n<td style=\"width: 189.617px; height: 52px;\">Andrzej Zawilla<\/td>\n<td style=\"width: 123.417px; height: 52px;\">600 908 513<\/td>\n<\/tr>\n<tr style=\"height: 52px;\">\n<td style=\"width: 300.967px; height: 52px;\">Ksi\u0119\u017ce<\/td>\n<td style=\"width: 189.617px; height: 52px;\"><\/td>\n<td style=\"width: 123.417px; height: 52px;\">600 908 521<\/td>\n<\/tr>\n<tr style=\"height: 52px;\">\n<td style=\"width: 300.967px; height: 52px;\">Ku\u017aniki<\/td>\n<td style=\"width: 189.617px; height: 52px;\">Klaudia Osi\u0144ska<\/td>\n<td style=\"width: 123.417px; height: 52px;\">506 393 955<\/td>\n<\/tr>\n<tr style=\"height: 52px;\">\n<td style=\"width: 300.967px; height: 52px;\">Le\u015bnica<\/td>\n<td style=\"width: 189.617px; height: 52px;\">Agnieszka \u017bmuda<\/td>\n<td style=\"width: 123.417px; height: 52px;\">600 908 518<\/td>\n<\/tr>\n<tr style=\"height: 52px;\">\n<td style=\"width: 300.967px; height: 52px;\">Lipa Piotrowska<\/td>\n<td style=\"width: 189.617px; height: 52px;\">Magdalena Miron<\/td>\n<td style=\"width: 123.417px; height: 52px;\">694 968 803<\/td>\n<\/tr>\n<tr style=\"height: 52px;\">\n<td style=\"width: 300.967px; height: 52px;\">Ma\u015blice<\/td>\n<td style=\"width: 189.617px; height: 52px;\">Zbigniew Miczka<\/td>\n<td style=\"width: 123.417px; height: 52px;\">600 908 533<\/td>\n<\/tr>\n<tr style=\"height: 52px;\">\n<td style=\"width: 300.967px; height: 52px;\">Muchob\u00f3r Ma\u0142y<\/td>\n<td style=\"width: 189.617px; height: 52px;\">Piotr Balicki<\/td>\n<td style=\"width: 123.417px; height: 52px;\">506 393 220<\/td>\n<\/tr>\n<tr style=\"height: 52px;\">\n<td style=\"width: 300.967px; height: 52px;\">Muchob\u00f3r Wielki<\/td>\n<td style=\"width: 189.617px; height: 52px;\">Joanna Karwel<\/td>\n<td style=\"width: 123.417px; height: 52px;\">600 908 534<\/td>\n<\/tr>\n<tr style=\"height: 52px;\">\n<td style=\"width: 300.967px; height: 52px;\">Nadodrze<\/td>\n<td style=\"width: 189.617px; height: 52px;\"><\/td>\n<td style=\"width: 123.417px; height: 52px;\">600 908 531<\/td>\n<\/tr>\n<tr style=\"height: 52px;\">\n<td style=\"width: 300.967px; height: 52px;\">Nowy Dw\u00f3r<\/td>\n<td style=\"width: 189.617px; height: 52px;\"><\/td>\n<td style=\"width: 123.417px; height: 52px;\">600 908 523<\/td>\n<\/tr>\n<tr style=\"height: 52px;\">\n<td style=\"width: 300.967px; height: 52px;\">O\u0142bin<\/td>\n<td style=\"width: 189.617px; height: 52px;\">Barbara \u017belasko<\/td>\n<td style=\"width: 123.417px; height: 52px;\">600 908 517<\/td>\n<\/tr>\n<tr style=\"height: 52px;\">\n<td style=\"width: 300.967px; height: 52px;\">O\u0142taszyn<\/td>\n<td style=\"width: 189.617px; height: 52px;\"><\/td>\n<td style=\"width: 123.417px; height: 52px;\"><\/td>\n<\/tr>\n<tr style=\"height: 65px;\">\n<td style=\"width: 300.967px; height: 65px;\">Opor\u00f3w<\/td>\n<td style=\"width: 189.617px; height: 65px;\"><\/td>\n<td style=\"width: 123.417px; height: 65px;\">668 818 691<\/td>\n<\/tr>\n<tr style=\"height: 52px;\">\n<td style=\"width: 300.967px; height: 52px;\">Osobowice-R\u0119dzin<\/td>\n<td style=\"width: 189.617px; height: 52px;\"><\/td>\n<td style=\"width: 123.417px; height: 52px;\"><\/td>\n<\/tr>\n<tr style=\"height: 52px;\">\n<td style=\"width: 300.967px; height: 52px;\">Paw\u0142owice<\/td>\n<td style=\"width: 189.617px; height: 52px;\"><\/td>\n<td style=\"width: 123.417px; height: 52px;\"><\/td>\n<\/tr>\n<tr style=\"height: 52px;\">\n<td style=\"width: 300.967px; height: 52px;\">Pilczyce-Kozan\u00f3w-Popowice P\u0142n.<\/td>\n<td style=\"width: 189.617px; height: 52px;\">Przemys\u0142aw Stachurski<\/td>\n<td style=\"width: 123.417px; height: 52px;\">600 908 532<\/td>\n<\/tr>\n<tr style=\"height: 52px;\">\n<td style=\"width: 300.967px; height: 52px;\">Plac Grunwaldzki<\/td>\n<td style=\"width: 189.617px; height: 52px;\">Judyta Kuczek<\/td>\n<td style=\"width: 123.417px; height: 52px;\">600 908 525<\/td>\n<\/tr>\n<tr style=\"height: 52px;\">\n<td style=\"width: 300.967px; height: 52px;\">Polanowice-Po\u015bwi\u0119tne-Ligota<\/td>\n<td style=\"width: 189.617px; height: 52px;\"><\/td>\n<td style=\"width: 123.417px; height: 52px;\">694 968 756<\/td>\n<\/tr>\n<tr style=\"height: 52px;\">\n<td style=\"width: 300.967px; height: 52px;\">Powsta\u0144c\u00f3w \u015al\u0105skich<\/td>\n<td style=\"width: 189.617px; height: 52px;\"><\/td>\n<td style=\"width: 123.417px; height: 52px;\">506 288 200<\/td>\n<\/tr>\n<tr style=\"height: 52px;\">\n<td style=\"width: 300.967px; height: 52px;\">Pracze Odrza\u0144skie<\/td>\n<td style=\"width: 189.617px; height: 52px;\"><\/td>\n<td style=\"width: 123.417px; height: 52px;\"><\/td>\n<\/tr>\n<tr style=\"height: 52px;\">\n<td style=\"width: 300.967px; height: 52px;\">Przedmie\u015bcie O\u0142awskie<\/td>\n<td style=\"width: 189.617px; height: 52px;\">Mateusz Kantor<\/td>\n<td style=\"width: 123.417px; height: 52px;\">516 554 792<\/td>\n<\/tr>\n<tr style=\"height: 52px;\">\n<td style=\"width: 300.967px; height: 52px;\">Przedmie\u015bcie \u015awidnickie<\/td>\n<td style=\"width: 189.617px; height: 52px;\">B\u0142a\u017cej Jawornicki<\/td>\n<td style=\"width: 123.417px; height: 52px;\">694 968 802<\/td>\n<\/tr>\n<tr style=\"height: 52px;\">\n<td style=\"width: 300.967px; height: 52px;\">Psie Pole-Zawidawie<\/td>\n<td style=\"width: 189.617px; height: 52px;\"><\/td>\n<td style=\"width: 123.417px; height: 52px;\">506 288 204<\/td>\n<\/tr>\n<tr style=\"height: 52px;\">\n<td style=\"width: 300.967px; height: 52px;\">So\u0142tysowice<\/td>\n<td style=\"width: 189.617px; height: 52px;\">Piotr Bialik<\/td>\n<td style=\"width: 123.417px; height: 52px;\">506 288 208<\/td>\n<\/tr>\n<tr style=\"height: 52px;\">\n<td style=\"width: 300.967px; height: 52px;\">Stare Miasto<\/td>\n<td style=\"width: 189.617px; height: 52px;\"><\/td>\n<td style=\"width: 123.417px; height: 52px;\">516 554 587<\/td>\n<\/tr>\n<tr style=\"height: 52px;\">\n<td style=\"width: 300.967px; height: 52px;\">Strachocin-Swojczyce-Wojn\u00f3w<\/td>\n<td style=\"width: 189.617px; height: 52px;\">Wioletta Gabry\u015b &#8211; Zaitseva<\/td>\n<td style=\"width: 123.417px; height: 52px;\">516 554 585<\/td>\n<\/tr>\n<tr style=\"height: 52px;\">\n<td style=\"width: 300.967px; height: 52px;\">Szczepin<\/td>\n<td style=\"width: 189.617px; height: 52px;\">Adam \u015awi\u0119cicki<\/td>\n<td style=\"width: 123.417px; height: 52px;\">696 805 878<\/td>\n<\/tr>\n<tr style=\"height: 52px;\">\n<td style=\"width: 300.967px; height: 52px;\">\u015awiniary<\/td>\n<td style=\"width: 189.617px; height: 52px;\">Robert Bronowicki<\/td>\n<td style=\"width: 123.417px; height: 52px;\">\u00a0516 554 537<\/td>\n<\/tr>\n<tr style=\"height: 52px;\">\n<td style=\"width: 300.967px; height: 52px;\">Tarnogaj<\/td>\n<td style=\"width: 189.617px; height: 52px;\"><\/td>\n<td style=\"width: 123.417px; height: 52px;\">696 805 353<\/td>\n<\/tr>\n<tr style=\"height: 52px;\">\n<td style=\"width: 300.967px; height: 52px;\">Widawa<\/td>\n<td style=\"width: 189.617px; height: 52px;\">Maryna Malinovska<\/td>\n<td style=\"width: 123.417px; height: 52px;\">570 392 836<\/td>\n<\/tr>\n<tr style=\"height: 52px;\">\n<td style=\"width: 300.967px; height: 52px;\">Wojszyce<\/td>\n<td style=\"width: 189.617px; height: 52px;\">Ewa Kobusi\u0144ska<\/td>\n<td style=\"width: 123.417px; height: 52px;\">506 288 230<\/td>\n<\/tr>\n<tr style=\"height: 52px;\">\n<td style=\"width: 300.967px; height: 52px;\">Zacisze-Zalesie-Szczytniki<\/td>\n<td style=\"width: 189.617px; height: 52px;\">Adrian Swoboda<\/td>\n<td style=\"width: 123.417px; height: 52px;\">506 288 232<\/td>\n<\/tr>\n<tr style=\"height: 117px;\">\n<td style=\"width: 300.967px; height: 117px;\">\u017berniki<\/td>\n<td style=\"width: 189.617px; height: 117px;\"><\/td>\n<td style=\"width: 123.417px; height: 117px;\">\n<p style=\"text-align: left;\">\n<\/td>\n<\/tr>\n<\/tbody>\n<\/table>\n","protected":false},"excerpt":{"rendered":"<p>OSIEDLE STRA\u017bNIK NR TELEFONU Bie\u0144kowice Biskupin-S\u0119polno-D\u0105bie-Bartoszowice 600 908 501 Borek Szymon Sip 600 908 535 Broch\u00f3w Gaj Pamela Kubat 600 908 507 Gajowice Dorota \u017bukowska 506 288 174 G\u0105d\u00f3w 600 908 520 Grabiszyn Grabiszynek 506 288 172 Huby Sebastian Kowal 600 908 514 Jagodno Jerzmanowo-Jarno\u0142t\u00f3w-Strachowice-Osiniec Piotr Nowaczyk 506 288 257 Kar\u0142owice-R\u00f3\u017canka Rafa\u0142 Ol\u0119dzki 694 968 [&hellip;]<\/p>\n","protected":false},"author":4,"featured_media":0,"parent":0,"menu_order":16,"comment_status":"closed","ping_status":"closed","template":"","meta":{"footnotes":""},"class_list":["post-781","page","type-page","status-publish","hentry"],"_links":{"self":[{"href":"https:\/\/smwroclaw.pl\/index.php?rest_route=\/wp\/v2\/pages\/781","targetHints":{"allow":["GET"]}}],"collection":[{"href":"https:\/\/smwroclaw.pl\/index.php?rest_route=\/wp\/v2\/pages"}],"about":[{"href":"https:\/\/smwroclaw.pl\/index.php?rest_route=\/wp\/v2\/types\/page"}],"author":[{"embeddable":true,"href":"https:\/\/smwroclaw.pl\/index.php?rest_route=\/wp\/v2\/users\/4"}],"replies":[{"embeddable":true,"href":"https:\/\/smwroclaw.pl\/index.php?rest_route=%2Fwp%2Fv2%2Fcomments&post=781"}],"version-history":[{"count":129,"href":"https:\/\/smwroclaw.pl\/index.php?rest_route=\/wp\/v2\/pages\/781\/revisions"}],"predecessor-version":[{"id":35272,"href":"https:\/\/smwroclaw.pl\/index.php?rest_route=\/wp\/v2\/pages\/781\/revisions\/35272"}],"wp:attachment":[{"href":"https:\/\/smwroclaw.pl\/index.php?rest_route=%2Fwp%2Fv2%2Fmedia&parent=781"}],"curies":[{"name":"wp","href":"https:\/\/api.w.org\/{rel}","templated":true}]}}